{"id":16,"date":"2026-01-21T11:59:41","date_gmt":"2026-01-21T11:59:41","guid":{"rendered":"https:\/\/26elysian.ideanet.at\/?page_id=16"},"modified":"2026-02-06T07:32:17","modified_gmt":"2026-02-06T07:32:17","slug":"ueber-uns","status":"publish","type":"page","link":"https:\/\/26elysian.ideanet.at\/?page_id=16","title":{"rendered":"\u00dcber Elysian"},"content":{"rendered":"\t\t<div data-elementor-type=\"wp-page\" data-elementor-id=\"16\" class=\"elementor elementor-16\">\n\t\t\t\t<div class=\"elementor-element elementor-element-cf4eaed e-flex e-con-boxed e-con e-parent\" data-id=\"cf4eaed\" data-element_type=\"container\" data-e-type=\"container\">\n\t\t\t\t\t<div class=\"e-con-inner\">\n\t\t\t\t<div class=\"elementor-element elementor-element-bc26596 elementor-widget elementor-widget-heading\" data-id=\"bc26596\" data-element_type=\"widget\" data-e-type=\"widget\" data-widget_type=\"heading.default\">\n\t\t\t\t\t<h2 class=\"elementor-heading-title elementor-size-default\">\u00dcber Elysian<\/h2>\t\t\t\t<\/div>\n\t\t\t\t\t<\/div>\n\t\t\t\t<\/div>\n\t\t<div class=\"elementor-element elementor-element-012decc e-flex e-con-boxed e-con e-parent\" data-id=\"012decc\" data-element_type=\"container\" data-e-type=\"container\">\n\t\t\t\t\t<div class=\"e-con-inner\">\n\t\t\t\t<div class=\"elementor-element elementor-element-c233c48 elementor-widget elementor-widget-text-editor\" data-id=\"c233c48\" data-element_type=\"widget\" data-e-type=\"widget\" data-widget_type=\"text-editor.default\">\n\t\t\t\t\t\t\t\t\t<p data-start=\"120\" data-end=\"238\">Es gibt Momente, die nicht laut sind.<br data-start=\"157\" data-end=\"160\">\nMomente, in denen die Welt langsamer wird und alles \u00dcberfl\u00fcssige verschwindet.<\/p><p data-start=\"240\" data-end=\"297\"><strong data-start=\"240\" data-end=\"251\">ELYSIAN<\/strong> wurde genau f\u00fcr diese Augenblicke erschaffen.<\/p><p data-start=\"299\" data-end=\"569\">Die Idee entstand aus der Sehnsucht nach Stille, nach Sch\u00f6nheit ohne Eile, nach Luxus, der nicht gesehen, sondern gef\u00fchlt wird. Jede Kerze erz\u00e4hlt von warmem Licht in dunklen R\u00e4umen, von sanften D\u00fcften, die Erinnerungen wecken, und von dem Gef\u00fchl, ganz bei sich zu sein.<\/p><p data-start=\"571\" data-end=\"742\">ELYSIAN glaubt daran, dass wahre Eleganz leise ist. Dass ein einziger Duft einen Raum verwandeln kann. Dass eine Flamme gen\u00fcgt, um N\u00e4he, Ruhe und Geborgenheit zu schaffen.<\/p><p data-start=\"744\" data-end=\"835\">Jede Kerze ist ein Versprechen:<br data-start=\"775\" data-end=\"778\">\nEin Versprechen an den Moment.<br data-start=\"808\" data-end=\"811\">\nAn die Sinne.<br data-start=\"824\" data-end=\"827\">\nAn dich.<\/p><p>\n\n\n\n\n<\/p><p data-start=\"837\" data-end=\"951\">ELYSIAN ist mehr als eine Kerze.<br data-start=\"869\" data-end=\"872\">\nEs ist ein stiller Luxus f\u00fcr jene, die das Besondere im Unscheinbaren erkennen.<\/p>\t\t\t\t\t\t\t\t<\/div>\n\t\t\t\t\t<\/div>\n\t\t\t\t<\/div>\n\t\t\t\t<\/div>\n\t\t","protected":false},"excerpt":{"rendered":"<p>\u00dcber Elysian Es gibt Momente, die nicht laut sind. Momente, in denen die Welt langsamer wird und alles \u00dcberfl\u00fcssige verschwindet. [&hellip;]<\/p>\n","protected":false},"author":1,"featured_media":0,"parent":0,"menu_order":0,"comment_status":"closed","ping_status":"closed","template":"","meta":{"site-sidebar-layout":"no-sidebar","site-content-layout":"","ast-site-content-layout":"full-width-container","site-content-style":"default","site-sidebar-style":"default","ast-global-header-display":"","ast-banner-title-visibility":"","ast-main-header-display":"","ast-hfb-above-header-display":"","ast-hfb-below-header-display":"","ast-hfb-mobile-header-display":"","site-post-title":"disabled","ast-breadcrumbs-content":"","ast-featured-img":"disabled","footer-sml-layout":"","ast-disable-related-posts":"","theme-transparent-header-meta":"","adv-header-id-meta":"","stick-header-meta":"","header-above-stick-meta":"","header-main-stick-meta":"","header-below-stick-meta":"","astra-migrate-meta-layouts":"default","ast-page-background-enabled":"default","ast-page-background-meta":{"desktop":{"background-color":"var(--ast-global-color-5)","background-image":"","background-repeat":"repeat","background-position":"center center","background-size":"auto","background-attachment":"scroll","background-type":"","background-media":"","overlay-type":"","overlay-color":"","overlay-opacity":"","overlay-gradient":""},"tablet":{"background-color":"","background-image":"","background-repeat":"repeat","background-position":"center center","background-size":"auto","background-attachment":"scroll","background-type":"","background-media":"","overlay-type":"","overlay-color":"","overlay-opacity":"","overlay-gradient":""},"mobile":{"background-color":"","background-image":"","background-repeat":"repeat","background-position":"center center","background-size":"auto","background-attachment":"scroll","background-type":"","background-media":"","overlay-type":"","overlay-color":"","overlay-opacity":"","overlay-gradient":""}},"ast-content-background-meta":{"desktop":{"background-color":"var(--ast-global-color-4)","background-image":"","background-repeat":"repeat","background-position":"center center","background-size":"auto","background-attachment":"scroll","background-type":"","background-media":"","overlay-type":"","overlay-color":"","overlay-opacity":"","overlay-gradient":""},"tablet":{"background-color":"var(--ast-global-color-4)","background-image":"","background-repeat":"repeat","background-position":"center center","background-size":"auto","background-attachment":"scroll","background-type":"","background-media":"","overlay-type":"","overlay-color":"","overlay-opacity":"","overlay-gradient":""},"mobile":{"background-color":"var(--ast-global-color-4)","background-image":"","background-repeat":"repeat","background-position":"center center","background-size":"auto","background-attachment":"scroll","background-type":"","background-media":"","overlay-type":"","overlay-color":"","overlay-opacity":"","overlay-gradient":""}},"footnotes":""},"class_list":["post-16","page","type-page","status-publish","hentry"],"_links":{"self":[{"href":"https:\/\/26elysian.ideanet.at\/index.php?rest_route=\/wp\/v2\/pages\/16","targetHints":{"allow":["GET"]}}],"collection":[{"href":"https:\/\/26elysian.ideanet.at\/index.php?rest_route=\/wp\/v2\/pages"}],"about":[{"href":"https:\/\/26elysian.ideanet.at\/index.php?rest_route=\/wp\/v2\/types\/page"}],"author":[{"embeddable":true,"href":"https:\/\/26elysian.ideanet.at\/index.php?rest_route=\/wp\/v2\/users\/1"}],"replies":[{"embeddable":true,"href":"https:\/\/26elysian.ideanet.at\/index.php?rest_route=%2Fwp%2Fv2%2Fcomments&post=16"}],"version-history":[{"count":6,"href":"https:\/\/26elysian.ideanet.at\/index.php?rest_route=\/wp\/v2\/pages\/16\/revisions"}],"predecessor-version":[{"id":158,"href":"https:\/\/26elysian.ideanet.at\/index.php?rest_route=\/wp\/v2\/pages\/16\/revisions\/158"}],"wp:attachment":[{"href":"https:\/\/26elysian.ideanet.at\/index.php?rest_route=%2Fwp%2Fv2%2Fmedia&parent=16"}],"curies":[{"name":"wp","href":"https:\/\/api.w.org\/{rel}","templated":true}]}}