{"id":62,"date":"2026-01-28T11:20:43","date_gmt":"2026-01-28T11:20:43","guid":{"rendered":"https:\/\/26elysian.ideanet.at\/?page_id=62"},"modified":"2026-02-04T11:35:51","modified_gmt":"2026-02-04T11:35:51","slug":"team","status":"publish","type":"page","link":"https:\/\/26elysian.ideanet.at\/?page_id=62","title":{"rendered":"Team"},"content":{"rendered":"\t\t<div data-elementor-type=\"wp-page\" data-elementor-id=\"62\" class=\"elementor elementor-62\">\n\t\t\t\t<div class=\"elementor-element elementor-element-c270059 e-flex e-con-boxed e-con e-parent\" data-id=\"c270059\" data-element_type=\"container\" data-e-type=\"container\">\n\t\t\t\t\t<div class=\"e-con-inner\">\n\t\t\t\t<div class=\"elementor-element elementor-element-9394389 elementor-widget elementor-widget-heading\" data-id=\"9394389\" data-element_type=\"widget\" data-e-type=\"widget\" data-widget_type=\"heading.default\">\n\t\t\t\t\t<h2 class=\"elementor-heading-title elementor-size-default\">Team<\/h2>\t\t\t\t<\/div>\n\t\t\t\t\t<\/div>\n\t\t\t\t<\/div>\n\t\t<div class=\"elementor-element elementor-element-9b38fe4 e-flex e-con-boxed e-con e-parent\" data-id=\"9b38fe4\" data-element_type=\"container\" data-e-type=\"container\">\n\t\t\t\t\t<div class=\"e-con-inner\">\n\t\t<div class=\"elementor-element elementor-element-b3d310d e-con-full e-flex e-con e-child\" data-id=\"b3d310d\" data-element_type=\"container\" data-e-type=\"container\">\n\t\t\t\t<div class=\"elementor-element elementor-element-37c8c14 elementor-widget elementor-widget-heading\" data-id=\"37c8c14\" data-element_type=\"widget\" data-e-type=\"widget\" data-widget_type=\"heading.default\">\n\t\t\t\t\t<h3 class=\"elementor-heading-title elementor-size-default\">Katharina Bauernberger<\/h3>\t\t\t\t<\/div>\n\t\t\t\t<\/div>\n\t\t<div class=\"elementor-element elementor-element-a83a76e e-con-full e-flex e-con e-child\" data-id=\"a83a76e\" data-element_type=\"container\" data-e-type=\"container\">\n\t\t\t\t<div class=\"elementor-element elementor-element-258ea94 elementor-widget elementor-widget-heading\" data-id=\"258ea94\" data-element_type=\"widget\" data-e-type=\"widget\" data-widget_type=\"heading.default\">\n\t\t\t\t\t<h3 class=\"elementor-heading-title elementor-size-default\">Laura Watzinger<\/h3>\t\t\t\t<\/div>\n\t\t\t\t<\/div>\n\t\t\t\t\t<\/div>\n\t\t\t\t<\/div>\n\t\t<div class=\"elementor-element elementor-element-2af7449 e-flex e-con-boxed e-con e-parent\" data-id=\"2af7449\" data-element_type=\"container\" data-e-type=\"container\">\n\t\t\t\t\t<div class=\"e-con-inner\">\n\t\t<div class=\"elementor-element elementor-element-2039fb6 e-con-full e-flex e-con e-child\" data-id=\"2039fb6\" data-element_type=\"container\" data-e-type=\"container\">\n\t\t\t\t<div class=\"elementor-element elementor-element-d13b60c elementor-widget elementor-widget-text-editor\" data-id=\"d13b60c\" data-element_type=\"widget\" data-e-type=\"widget\" data-widget_type=\"text-editor.default\">\n\t\t\t\t\t\t\t\t\t<p>Hi zusammen\u00a0<br \/>ich bin 17, noch Sch\u00fclerin und ein riesiger Tierfan \u2013 vor allem Katzen, Alpakas und Otter haben es mir angetan. Neben meiner Liebe zu allem Flauschigen habe ich Elysian, eine Luxus-Kerzenmarke, mitgegr\u00fcndet.<\/p><p>Kerzen bedeuten f\u00fcr mich Ruhe, W\u00e4rme und kleine Wohlf\u00fchlmomente. Mit Elysian m\u00f6chte ich genau dieses Gef\u00fchl weitergeben: hochwertige Kerzen, durchdachte D\u00fcfte und ein Hauch von Luxus f\u00fcr den Alltag. Alles ist mit viel Liebe zum Detail gestaltet und soll Momente schaffen, in denen man einfach abschalten kann.<\/p><p>Sch\u00f6n, dass du hier bist und Teil von Elysian wirst\u00a0<\/p><p><span data-teams=\"true\"><span style=\"font-family: -apple-system, BlinkMacSystemFont, 'Segoe UI', system-ui, 'Apple Color Emoji', 'Segoe UI Emoji', 'Segoe UI Web', sans-serif; font-size: 14px; white-space-collapse: preserve;\">\u00a0<\/span><\/span><\/p>\t\t\t\t\t\t\t\t<\/div>\n\t\t\t\t<\/div>\n\t\t<div class=\"elementor-element elementor-element-ecc3509 e-con-full e-flex e-con e-child\" data-id=\"ecc3509\" data-element_type=\"container\" data-e-type=\"container\">\n\t\t\t\t<div class=\"elementor-element elementor-element-31c3744 elementor-widget elementor-widget-text-editor\" data-id=\"31c3744\" data-element_type=\"widget\" data-e-type=\"widget\" data-widget_type=\"text-editor.default\">\n\t\t\t\t\t\t\t\t\t<p>Hi, ich bin 17, noch Sch\u00fclerin und liebe es zu reisen. Unterwegs sammle ich st\u00e4ndig neue Eindr\u00fccke \u2013 D\u00fcfte, Stimmungen, Orte \u2013 genau daraus ist auch Elysian entstanden, eine Luxus-Kerzenmarke, die ich mitgegr\u00fcndet habe.<\/p>\n<p>F\u00fcr mich sind Kerzen mehr als nur ein sch\u00f6nes Accessoire. Sie schaffen Atmosph\u00e4re, Ruhe und besondere Momente. Bei Elysian verbinde ich meine Liebe zu \u00c4sthetik, hochwertigen Materialien und dem Gef\u00fchl von Luxus im Alltag. Jede Kerze soll ein kleines Erlebnis sein \u2013 inspiriert von Orten, Erinnerungen und Emotionen.<\/p>\n<p><\/p>\n<p>Sch\u00f6n, dass du hier bist und Elysian entdeckt hast&nbsp;<\/p>\t\t\t\t\t\t\t\t<\/div>\n\t\t\t\t<\/div>\n\t\t\t\t\t<\/div>\n\t\t\t\t<\/div>\n\t\t<div class=\"elementor-element elementor-element-cf0e8af e-flex e-con-boxed e-con e-parent\" data-id=\"cf0e8af\" data-element_type=\"container\" data-e-type=\"container\">\n\t\t\t\t\t<div class=\"e-con-inner\">\n\t\t<div class=\"elementor-element elementor-element-8bae260 e-con-full e-flex e-con e-child\" data-id=\"8bae260\" data-element_type=\"container\" data-e-type=\"container\">\n\t\t\t\t<div class=\"elementor-element elementor-element-4faf538 elementor-widget elementor-widget-image\" data-id=\"4faf538\" data-element_type=\"widget\" data-e-type=\"widget\" data-widget_type=\"image.default\">\n\t\t\t\t\t\t\t\t\t\t\t\t\t\t\t<img fetchpriority=\"high\" decoding=\"async\" width=\"214\" height=\"300\" src=\"https:\/\/26elysian.ideanet.at\/wp-content\/uploads\/2026\/01\/20250603_164222-214x300.jpg\" class=\"attachment-medium size-medium wp-image-93\" alt=\"\" srcset=\"https:\/\/26elysian.ideanet.at\/wp-content\/uploads\/2026\/01\/20250603_164222-214x300.jpg 214w, https:\/\/26elysian.ideanet.at\/wp-content\/uploads\/2026\/01\/20250603_164222-732x1024.jpg 732w, https:\/\/26elysian.ideanet.at\/wp-content\/uploads\/2026\/01\/20250603_164222-768x1075.jpg 768w, https:\/\/26elysian.ideanet.at\/wp-content\/uploads\/2026\/01\/20250603_164222-1097x1536.jpg 1097w, https:\/\/26elysian.ideanet.at\/wp-content\/uploads\/2026\/01\/20250603_164222-1463x2048.jpg 1463w, https:\/\/26elysian.ideanet.at\/wp-content\/uploads\/2026\/01\/20250603_164222-scaled.jpg 1829w\" sizes=\"(max-width: 214px) 100vw, 214px\" \/>\t\t\t\t\t\t\t\t\t\t\t\t\t\t\t<\/div>\n\t\t\t\t<\/div>\n\t\t<div class=\"elementor-element elementor-element-a05156c e-con-full e-flex e-con e-child\" data-id=\"a05156c\" data-element_type=\"container\" data-e-type=\"container\">\n\t\t\t\t<div class=\"elementor-element elementor-element-232c325 elementor-widget elementor-widget-image\" data-id=\"232c325\" data-element_type=\"widget\" data-e-type=\"widget\" data-widget_type=\"image.default\">\n\t\t\t\t\t\t\t\t\t\t\t\t\t\t\t<img decoding=\"async\" width=\"225\" height=\"300\" src=\"https:\/\/26elysian.ideanet.at\/wp-content\/uploads\/2026\/01\/WhatsApp-Image-2026-01-28-at-13.07.59-225x300.jpeg\" class=\"attachment-medium size-medium wp-image-92\" alt=\"\" srcset=\"https:\/\/26elysian.ideanet.at\/wp-content\/uploads\/2026\/01\/WhatsApp-Image-2026-01-28-at-13.07.59-225x300.jpeg 225w, https:\/\/26elysian.ideanet.at\/wp-content\/uploads\/2026\/01\/WhatsApp-Image-2026-01-28-at-13.07.59-768x1024.jpeg 768w, https:\/\/26elysian.ideanet.at\/wp-content\/uploads\/2026\/01\/WhatsApp-Image-2026-01-28-at-13.07.59-1152x1536.jpeg 1152w, https:\/\/26elysian.ideanet.at\/wp-content\/uploads\/2026\/01\/WhatsApp-Image-2026-01-28-at-13.07.59.jpeg 1200w\" sizes=\"(max-width: 225px) 100vw, 225px\" \/>\t\t\t\t\t\t\t\t\t\t\t\t\t\t\t<\/div>\n\t\t\t\t<\/div>\n\t\t\t\t\t<\/div>\n\t\t\t\t<\/div>\n\t\t\t\t<\/div>\n\t\t","protected":false},"excerpt":{"rendered":"<p>Team Katharina Bauernberger Laura Watzinger Hi zusammen\u00a0ich bin 17, noch Sch\u00fclerin und ein riesiger Tierfan \u2013 vor allem Katzen, Alpakas [&hellip;]<\/p>\n","protected":false},"author":2,"featured_media":0,"parent":0,"menu_order":0,"comment_status":"closed","ping_status":"closed","template":"","meta":{"site-sidebar-layout":"no-sidebar","site-content-layout":"","ast-site-content-layout":"full-width-container","site-content-style":"default","site-sidebar-style":"default","ast-global-header-display":"","ast-banner-title-visibility":"","ast-main-header-display":"","ast-hfb-above-header-display":"","ast-hfb-below-header-display":"","ast-hfb-mobile-header-display":"","site-post-title":"disabled","ast-breadcrumbs-content":"","ast-featured-img":"disabled","footer-sml-layout":"","ast-disable-related-posts":"","theme-transparent-header-meta":"","adv-header-id-meta":"","stick-header-meta":"","header-above-stick-meta":"","header-main-stick-meta":"","header-below-stick-meta":"","astra-migrate-meta-layouts":"default","ast-page-background-enabled":"default","ast-page-background-meta":{"desktop":{"background-color":"var(--ast-global-color-5)","background-image":"","background-repeat":"repeat","background-position":"center center","background-size":"auto","background-attachment":"scroll","background-type":"","background-media":"","overlay-type":"","overlay-color":"","overlay-opacity":"","overlay-gradient":""},"tablet":{"background-color":"","background-image":"","background-repeat":"repeat","background-position":"center center","background-size":"auto","background-attachment":"scroll","background-type":"","background-media":"","overlay-type":"","overlay-color":"","overlay-opacity":"","overlay-gradient":""},"mobile":{"background-color":"","background-image":"","background-repeat":"repeat","background-position":"center center","background-size":"auto","background-attachment":"scroll","background-type":"","background-media":"","overlay-type":"","overlay-color":"","overlay-opacity":"","overlay-gradient":""}},"ast-content-background-meta":{"desktop":{"background-color":"var(--ast-global-color-4)","background-image":"","background-repeat":"repeat","background-position":"center center","background-size":"auto","background-attachment":"scroll","background-type":"","background-media":"","overlay-type":"","overlay-color":"","overlay-opacity":"","overlay-gradient":""},"tablet":{"background-color":"var(--ast-global-color-4)","background-image":"","background-repeat":"repeat","background-position":"center center","background-size":"auto","background-attachment":"scroll","background-type":"","background-media":"","overlay-type":"","overlay-color":"","overlay-opacity":"","overlay-gradient":""},"mobile":{"background-color":"var(--ast-global-color-4)","background-image":"","background-repeat":"repeat","background-position":"center center","background-size":"auto","background-attachment":"scroll","background-type":"","background-media":"","overlay-type":"","overlay-color":"","overlay-opacity":"","overlay-gradient":""}},"footnotes":""},"class_list":["post-62","page","type-page","status-publish","hentry"],"_links":{"self":[{"href":"https:\/\/26elysian.ideanet.at\/index.php?rest_route=\/wp\/v2\/pages\/62","targetHints":{"allow":["GET"]}}],"collection":[{"href":"https:\/\/26elysian.ideanet.at\/index.php?rest_route=\/wp\/v2\/pages"}],"about":[{"href":"https:\/\/26elysian.ideanet.at\/index.php?rest_route=\/wp\/v2\/types\/page"}],"author":[{"embeddable":true,"href":"https:\/\/26elysian.ideanet.at\/index.php?rest_route=\/wp\/v2\/users\/2"}],"replies":[{"embeddable":true,"href":"https:\/\/26elysian.ideanet.at\/index.php?rest_route=%2Fwp%2Fv2%2Fcomments&post=62"}],"version-history":[{"count":11,"href":"https:\/\/26elysian.ideanet.at\/index.php?rest_route=\/wp\/v2\/pages\/62\/revisions"}],"predecessor-version":[{"id":103,"href":"https:\/\/26elysian.ideanet.at\/index.php?rest_route=\/wp\/v2\/pages\/62\/revisions\/103"}],"wp:attachment":[{"href":"https:\/\/26elysian.ideanet.at\/index.php?rest_route=%2Fwp%2Fv2%2Fmedia&parent=62"}],"curies":[{"name":"wp","href":"https:\/\/api.w.org\/{rel}","templated":true}]}}